{"id":79,"date":"2016-05-22T09:25:54","date_gmt":"2016-05-22T07:25:54","guid":{"rendered":"http:\/\/zplastiku.pl\/?page_id=79"},"modified":"2016-05-25T07:44:41","modified_gmt":"2016-05-25T05:44:41","slug":"wentylacja-chemoodporna-kanaly-z-pcv-kanaly-wentylacyjne-z-tworzywa","status":"publish","type":"page","link":"http:\/\/zplastiku.pl\/index.php\/strona-glowna\/uslugi\/wentylacja-chemoodporna-kanaly-z-pcv-kanaly-wentylacyjne-z-tworzywa\/","title":{"rendered":"Wentylacja chemoodporna, kana\u0142y z PCV, kana\u0142y wentylacyjne z tworzywa"},"content":{"rendered":"<p>Produkcja kszta\u0142tek z PVC, PPs, PP, PE. Produkcja kana\u0142\u00f3w wentylacyjnych z plastiku. Spawanie plastikowych element\u00f3w wentylacyjnych dla budownictwa takich jak np. okapy, wyci\u0105gi, elementy wentylacji chemoodpornej w zak\u0142adach produkcyjnych. Kana\u0142y z PVC, kana\u0142y z tworzywa, wentylacja chemoodporna, wentylacja z tworzywa sztucznego, Kana\u0142y wentylacyjne z PCV, kana\u0142y z PVC, Kana\u0142y z PPs, odci\u0105gi dygestori\u00f3w, odci\u0105gi chemoodporne, Ortakis PVC, Ortakis PPs, Ortakis PE, plastic fittings, PVC fittings, PPs fittings, ducts PVC, ducts PPS, pipes PVC, Pipes PPS, Pipes PP, Pipes PE, L\u00fcftungsbau PVC, L\u00fcftungsbau PPs, wentylacja chemoodporna do laboratorium, okapy chemoodporne, okapy z tworzywa sztucznego, kolano z PVC, Kszta\u0142tki wentylacyjne z tworzyw<\/p>\n<div id='gallery-1' class='gallery galleryid-79 gallery-columns-2 gallery-size-medium'><figure class='gallery-item'>\n\t\t\t<div class='gallery-icon landscape'>\n\t\t\t\t<a href='http:\/\/zplastiku.pl\/index.php\/strona-glowna\/uslugi\/wentylacja-chemoodporna-kanaly-z-pcv-kanaly-wentylacyjne-z-tworzywa\/dsc02097-2-2\/'><img width=\"300\" height=\"190\" src=\"http:\/\/zplastiku.pl\/wp-content\/uploads\/2016\/05\/DSC02097-2-2-300x190.jpg\" class=\"attachment-medium size-medium\" alt=\"\" decoding=\"async\" loading=\"lazy\" srcset=\"http:\/\/zplastiku.pl\/wp-content\/uploads\/2016\/05\/DSC02097-2-2-300x190.jpg 300w, http:\/\/zplastiku.pl\/wp-content\/uploads\/2016\/05\/DSC02097-2-2-768x487.jpg 768w, http:\/\/zplastiku.pl\/wp-content\/uploads\/2016\/05\/DSC02097-2-2-1024x649.jpg 1024w, http:\/\/zplastiku.pl\/wp-content\/uploads\/2016\/05\/DSC02097-2-2-24x15.jpg 24w, http:\/\/zplastiku.pl\/wp-content\/uploads\/2016\/05\/DSC02097-2-2-36x23.jpg 36w, http:\/\/zplastiku.pl\/wp-content\/uploads\/2016\/05\/DSC02097-2-2-48x30.jpg 48w\" sizes=\"(max-width: 300px) 100vw, 300px\" \/><\/a>\n\t\t\t<\/div><\/figure><figure class='gallery-item'>\n\t\t\t<div class='gallery-icon landscape'>\n\t\t\t\t<a href='http:\/\/zplastiku.pl\/index.php\/strona-glowna\/uslugi\/wentylacja-chemoodporna-kanaly-z-pcv-kanaly-wentylacyjne-z-tworzywa\/dsc02084-2\/'><img width=\"300\" height=\"241\" src=\"http:\/\/zplastiku.pl\/wp-content\/uploads\/2016\/05\/DSC02084-2-300x241.jpg\" class=\"attachment-medium size-medium\" alt=\"\" decoding=\"async\" loading=\"lazy\" srcset=\"http:\/\/zplastiku.pl\/wp-content\/uploads\/2016\/05\/DSC02084-2-300x241.jpg 300w, http:\/\/zplastiku.pl\/wp-content\/uploads\/2016\/05\/DSC02084-2-768x616.jpg 768w, http:\/\/zplastiku.pl\/wp-content\/uploads\/2016\/05\/DSC02084-2-1024x822.jpg 1024w, http:\/\/zplastiku.pl\/wp-content\/uploads\/2016\/05\/DSC02084-2-24x19.jpg 24w, http:\/\/zplastiku.pl\/wp-content\/uploads\/2016\/05\/DSC02084-2-36x29.jpg 36w, http:\/\/zplastiku.pl\/wp-content\/uploads\/2016\/05\/DSC02084-2-48x39.jpg 48w\" sizes=\"(max-width: 300px) 100vw, 300px\" \/><\/a>\n\t\t\t<\/div><\/figure>\n\t\t<\/div>\n\n","protected":false},"excerpt":{"rendered":"<p>Produkcja kszta\u0142tek z PVC, PPs, PP, PE. Produkcja kana\u0142\u00f3w wentylacyjnych z plastiku. Spawanie plastikowych element\u00f3w wentylacyjnych dla budownictwa takich jak np. okapy, wyci\u0105gi, elementy wentylacji chemoodpornej w zak\u0142adach produkcyjnych. Kana\u0142y z PVC, kana\u0142y z tworzywa, wentylacja chemoodporna, wentylacja z tworzywa sztucznego, Kana\u0142y wentylacyjne z PCV, kana\u0142y z PVC, Kana\u0142y z PPs, odci\u0105gi dygestori\u00f3w, odci\u0105gi chemoodporne, [&hellip;]<\/p>\n","protected":false},"author":1,"featured_media":69,"parent":76,"menu_order":0,"comment_status":"closed","ping_status":"closed","template":"","meta":[],"_links":{"self":[{"href":"http:\/\/zplastiku.pl\/index.php\/wp-json\/wp\/v2\/pages\/79"}],"collection":[{"href":"http:\/\/zplastiku.pl\/index.php\/wp-json\/wp\/v2\/pages"}],"about":[{"href":"http:\/\/zplastiku.pl\/index.php\/wp-json\/wp\/v2\/types\/page"}],"author":[{"embeddable":true,"href":"http:\/\/zplastiku.pl\/index.php\/wp-json\/wp\/v2\/users\/1"}],"replies":[{"embeddable":true,"href":"http:\/\/zplastiku.pl\/index.php\/wp-json\/wp\/v2\/comments?post=79"}],"version-history":[{"count":1,"href":"http:\/\/zplastiku.pl\/index.php\/wp-json\/wp\/v2\/pages\/79\/revisions"}],"predecessor-version":[{"id":82,"href":"http:\/\/zplastiku.pl\/index.php\/wp-json\/wp\/v2\/pages\/79\/revisions\/82"}],"up":[{"embeddable":true,"href":"http:\/\/zplastiku.pl\/index.php\/wp-json\/wp\/v2\/pages\/76"}],"wp:featuredmedia":[{"embeddable":true,"href":"http:\/\/zplastiku.pl\/index.php\/wp-json\/wp\/v2\/media\/69"}],"wp:attachment":[{"href":"http:\/\/zplastiku.pl\/index.php\/wp-json\/wp\/v2\/media?parent=79"}],"curies":[{"name":"wp","href":"https:\/\/api.w.org\/{rel}","templated":true}]}}